b).
14
Let l = 6061/3 - 2020. Let h(o) be the first derivative of -10*o - l*o**3 - 4*o**2 - 13. Calculate h(-7).
-3
Let j(t) = -2*t + 14. Let p be j(6). Let m(y) = -17*y**p + 3*y - 3*y**3 + 11*y**2 + 9 + 2*y**3. What is m(-6)?
-9
Let b(l) be the third derivative of -1/3*l**3 - 1/6*l**4 + 0*l + 7*l**2 + 0 - 1/60*l**5. Give b(-5).
-7
Let g(m) = m**3 + 2*m**2 - 2. Let s(f) = 4*f**3 + 19*f**2 - 5*f - 4. Let d(p) = 5*g(p) - s(p). Calculate d(9).
39
Suppose 3*a = -2*c - 47, 52*a = 47*a + 2*c - 57. Let b(r) = r**2 + 13*r - 10. Give b(a).
-10
Let o(r) = -6*r - 30. Let g(q) = q**3 + 31*q**2 - 32*q - 4. Let f be g(-32). Give o(f).
-6
Let q(v) = -v**2 + 4*v + 3. Let z be (3 - -7)*((-66)/(-12))/11. Give q(z).
-2
Let z be ((-4)/1)/(2/3). Suppose 6*m = 11*m - 10. Let w(c) = 13*c - 2*c + c + c**m - 5*c. Give w(z).
-6
Suppose 0*a - 40 = -5*a. Let d(i) = i + a*i - 3*i. Let g(x) = -8*x + 15. Let y be g(2). Determine d(y).
-6
Let i(w) be the second derivative of -8*w**3/3 + w**2 + 95*w. Calculate i(-1).
18
Let x(l) = 4*l**2 + 20*l. Let s be x(-5). Let z(a) be the second derivative of 1/6*a**3 + s - 4*a + 3*a**2. What is z(-3)?
3
Let p = 17 + -7. Suppose -5*r = 4*b - 24 - 9, 5*b = 4*r - p. Let o(d) = -5*d + 1. What is o(b)?
-9
Suppose 4*y = 8, 4*g - y - 2*y + 14 = 0. Let t be -6 + (-1 - g) + 1 + -3. Let v(q) = 2*q + 10. Determine v(t).
-4
Let b(z) = z**3 + z**2 - 2. Suppose -6 + 14 = 2*k. Suppose 2*o - k*u + 8 = -o, -3*u = -3*o - 6. Calculate b(o).
-2
Let f(m) = -m**3 - 4*m**2 + 7*m + 6. Let x = -588 - -584. Determine f(x).
-22
Suppose 5*t - v = 26, -v - 1 + 5 = 0. Let z(i) = 5*i + 1. Let o(w) = -9*w - 2. Let y(r) = t*o(r) + 11*z(r). Give y(4).
3
Let k = -14 + -5. Let s(u) = u**3 + 7*u**2 + 4*u + 1. Let t be s(-6). Let y = t + k. Let o(h) = h**3 + 5*h**2 - 9*h - 7. Calculate o(y).
11
Let u(m) = -4*m**3 + m**2. Let b be u(1). Let p be b/4 - 30/(-8). Let j be (-2)/(-3) + (-2)/p. Let q(y) = y - 8. Determine q(j).
-8
Let g(s) = 1434 - 711 - 712 - s**2 - 14*s. Calculate g(-14).
11
Suppose 5*f = 2*o + 5, -f - o = -3*f + 1. Suppose -3 = -4*q + 3*m, -q - f*m = -3*q + 9. Let s(l) = -16*l + 12*l - 1 + 2. Calculate s(q).
13
Let b(k) = -k**3 + 3*k**2 - 2. Let j(d) = 14*d**2 - 19*d - 6. Let g(q) = -5*q**2 + 6*q + 2. Let c(s) = -11*g(s) - 4*j(s). Let z be c(10). What is b(z)?
2
Let y(k) = -2*k**2 + 9*k + 9. Let d = -1317 + 1323. What is y(d)?
-9
Suppose -2*p + 3*y = -5, 3 = 3*p + y + 1. Let k(h) = 5*h**2 + 13*h - 13. Let x(r) = -2*r + 2. Let z(j) = -k(j) - 6*x(j). Give z(p).
-5
Suppose b + 4*p + 28 = -b, 3*p = -2*b - 25. Suppose a + 3*a - 13 = 5*u, -a = -3*u - 5. Let m = a + b. Let o(x) = -x**3 - 5*x**2 + 7*x - 3. Determine o(m).
-9
Suppose 2 = -j - 4*s, -5*j - 2*s - 2 = 8. Let h(n) = 2*n**3 - n**2 + 2*n + 3. What is h(j)?
-21
Let q(v) = 5*v - 3. Suppose -l = -22 + 16. Let p(n) = -n**2 + 5*n + 9. Let w be p(l). What is q(w)?
12
Let m(r) = r**2 - 14*r + 5. Let z = -313 - -325. What is m(z)?
-19
Let h = 4 + -2. Let y(u) = -u**2 + 4*u - 3. Let f(g) = -g**2 + 3*g - 2. Let i = -7 - -11. Let j(b) = i*y(b) - 5*f(b). What is j(h)?
4
Let u(t) be the third derivative of t**4/8 - 5*t**3/3 + 4*t**2 + 1. Determine u(9).
17
Let k(v) = -2*v - 10. Suppose -4*g - 2*z = -8, 2*z + 3*z = 20. Give k(g).
-10
Let h(v) = v**2 + 6*v - 6. Let f be h(-6). Suppose -9*k = -7*k. Let t(o) = k + 2*o - 7*o + 4*o - 4. Determine t(f).
2
Let u(w) = 3*w - 14. Let y(r) = -6*r + 32. Let c(t) = -5*u(t) - 2*y(t). Calculate c(9).
-21
Let g(v) = 69*v**2 - 199*v**2 + 4 + 68*v**2 + 61*v**2 + 6*v. Give g(5).
9
Let h(c) = c + 1 - 536*c**3 + 0*c + 535*c**3. What is h(-1)?
1
Let s(k) be the first derivative of -3*k**2/2 - 5*k + 1. Suppose -2*o + 3849 - 3859 = 0. Give s(o).
10
Let j(u) = u**2 - 7*u + 6. Let m = 265 + -261. Determine j(m).
-6
Let v = -4 + 6. Suppose p = 3*x, p - 2 = v*x - 0. Let h(u) = -30 - 27 + u + 51. Give h(p).
0
Let k(f) = f**2 - f + 1. Let i(q) = -q**3 - 3*q**2 - 5. Let x(y) = -i(y) + 6*k(y). Calculate x(-10).
-29
Let z(i) be the first derivative of -31*i**4/4 - 61. Determine z(1).
-31
Let g(q) = -q**3 - 5*q**2 + 3*q - 4. Let r(p) = -p**3 + 6*p**2 + 9*p - 8. Let k be r(7). Suppose 2*c + 6 + k = 0. Determine g(c).
14
Let k(o) = -o**3 - 4*o**2 + 6*o - 1. Let y(v) = -2*v + 17. Let z be y(11). Give k(z).
-6
Let m(t) = -58*t - 65. Let r(c) = 33*c + 33. Let d(a) = 4*m(a) + 7*r(a). What is d(-13)?
-16
Let j(p) be the first derivative of p**2/2 + 9*p + 176. Calculate j(-8).
1
Suppose -4 = -2*n + 8. Let p(d) = -n*d - d + d - d**2 + 2*d. Let q be -1*(3 + -1 - 0). What is p(q)?
4
Let h(f) = 78 - 82 + 4*f - 6*f. Let m(g) = g + 2. Let t(j) = 2*h(j) + 5*m(j). What is t(-2)?
0
Suppose -201*p + 211*p = 60. Let b(m) = -m**3 + 4*m**2 + 5*m - 9. Give b(p).
-51
Let t(k) = 3*k - 10. Let v = 1568 + -1578. What is t(v)?
-40
Suppose 5*x + 9*v + 23 = 6*v, 2*x - v = -7. Let z(i) = -2*i**2 - 2*i - 3*i**2 + 4 - 3*i**3 + 2*i**3. Calculate z(x).
-4
Let u be (-1)/(-6) + 66/36. Let t be (u + -2)*2/8. Let h(k) = k**2 - k + 6. Give h(t).
6
Let w(r) be the second derivative of 1/12*r**4 + 0 + 3/2*r**2 - 1/6*r**3 + 1/20*r**5 + 7*r. Calculate w(0).
3
Suppose -7*h + 2*h - 20 = 0. Let w(n) = n**3 + 4*n**2 + 2*n - 1. Give w(h).
-9
Let r(s) be the second derivative of s**4/12 - 7*s**3/6 + 4*s**2 - 5*s. Let f be r(6). Suppose -f*w = 2*w. Let l(g) = -g**3 + g**2 + g + 4. Give l(w).
4
Suppose -5*k + 0 - 15 = 0. Let t(n) be the first derivative of -n**5/40 - n**4/24 + 16*n**3/3 + 3. Let j(w) be the third derivative of t(w). What is j(k)?
8
Let o(w) = 2*w**2 + 5*w + 9. Let l(x) = -x**2 - 2*x - 3. Let d be 4 - -1 - 32/2. Let h(i) = d*l(i) - 4*o(i). Give h(2).
13
Let c(n) = 10*n + 1. Let o be (0 - (-2)/(-3))*(-912)/(-16). Let j = 37 + o. Calculate c(j).
-9
Let v(o) = -o**2 - 41*o + 12. Let a(j) = -j**2 - 27*j + 8. Let f(n) = 7*a(n) - 5*v(n). Let w be f(8). Let i(c) = -4*c - 5. Determine i(w).
11
Let u be 2*-1 - (-41)/41. Let r(l) = -12*l - 1. What is r(u)?
11
Let n(y) = -y**3 + 4*y**2 - 6. Let q be n(3). Suppose -2*z = -z - 3. Let d(p) = p**2 - q*p - 4*p - 1 + z + 7. Give d(6).
3
Suppose -h + 93 = 2*h. Let g = -31 + h. Let o(x) = -x + 6. Calculate o(g).
6
Suppose 7*t - 18 = t. Suppose m - t = -0. Let x(p) = -m - 3*p**3 + 3 - 2*p - 1 + 8*p**3 - p**2. What is x(-1)?
-5
Suppose 5*o + 5*s = 70, 3*o - 3*s - 12 = -0. Let a(g) = g**3 - 10*g**2 + 10*g - 5. Determine a(o).
4
Let v(a) be the first derivative of a**4/24 - 2*a**2 + 5. Let u(z) be the second derivative of v(z). Suppose 9*h = 11*h. What is u(h)?
0
Let v(r) be the first derivative of r**4/4 + r**3 - r**2 + 5. Let x be (-91)/(-52) - 1/(-4). Suppose p + 10 = -3*j, 0 = -4*j + x*p + 8 - 18. What is v(j)?
6
Suppose 0 = 768*q + 227 + 1163 + 146. Let k(y) = -3 - y**2 + 2*y**2 - 3*y + 0*y**2. What is k(q)?
7
Suppose 4*o - 4 = -4*z, -6*o = -3*o - 3*z - 27. Let s(u) = u - 19 + 11 + o. Give s(5).
2
Let k be -86*(-2)/36 - (-2)/9. Suppose -k - 40 = -5*y + 5*z, -2*z - 4 = 0. Let h(p) = -p**3 + 6*p**2 + 5*p - 4. Calculate h(y).
-18
Let d(l) be the second derivative of -10*l + 3 + 1/6*l**4 + 0*l**2 - 7/6*l**3. Determine d(5).
15
Let t(x) be the second derivative of 1/20*x**5 + 0 - 2/3*x**3 - x + 1/2*x**2 + 1/12*x**4. Let i be 4/(-26) + (-1036)/364. Determine t(i).
-5
Let w(m) = 5*m**2 - 1. Suppose 0 = 4*j - 2*j. Suppose -54 = -2*f - 5*b, -4*b + j = -8. Suppose 4 = 4*g + c, 7*g - 3*c - f = 2*g. Give w(g).
19
Suppose -15*j + 1940 = 2000. Let z(d) = -1. Let k(t) = -t. Let n(a) = 3*k(a) - 4*z(a). Calculate n(j).
16
Let k(y) = -y**2 - 4*y + 4. Let u = 30 + -28. Suppose u*j = -3*q - 17, j = 5*j - 5*q + 1. Determine k(j).
4
Let u(k) = k**3 + k. Let a = 7 + -6. Let w(i) = 2*i**3 - 3*i**2 - i - 1. Let p(x) = a*w(x) - u(x). Calculate p(4).
7
Let y(j) = j + 2. Let x be y(3). Let k(h) = -4*h**3 + h**2 + 2*h - 1. Let l(t) = 3*t**3 - 2*t + 1. Let n(m) = x*l(m) + 4*k(m). Determine n(3).
4
Let d(n) = -n**3 - 9*n**2 - 6*n + 1. Let m be -6 + 17/((-102)/12). What is d(m)?
-15
Let i(o) = o**3 + 14*o**2 + 11*o - 15. Let g(c) = 5*c**2 - 61*c + 97. Let s be g(10). Determine i(s).
11
Let c(x) be the first derivative of -2*x**2 - 40*x + 183. Give c(-11).
4
Let c be ((-16)/(-6))/(2/(-6)). Let p(z) be the second derivative of z**4/12 + 3*z**3/2 + 7*z**2/2 - 231*z. Give p(c).
-1
Let c(j) = -11*j**3 - j**2 + j. Suppose -6*o = -1 - 5. Let 